 Suppose -3*z + 8*z - 30 = g. What is the greatest common divisor of 6 and z?
6
Suppose -k + 5 = -8. Let s = 784 + -680. What is the highest common factor of s and k?
13
Suppose 5*u - x + 317 = 0, u + 77 = 2*x + 10. Let f = 88 + u. Calculate the highest common divisor of f and 50.
25
Let c = 525 - 512. Let t = 228 + -85. Calculate the highest common divisor of c and t.
13
Let b = 31 + -18. Suppose 3*s = -3*l - 9, -s - 4*l - l = 15. Let f be (49 + 3 + s)*1. What is the greatest common factor of b and f?
13
Suppose 11206 = -w + 11228. Let d(o) = -o**3 + o + 33. Suppose -x = -0*v - 3*v + 9, 5*x + 3 = v. Let r be d(x). What is the highest common factor of r and w?
11
Let b be (-2 + -1 + 4)*0. Suppose b = -9*c + 4*c + 65. Let y be c/13 - (1 + -2). Calculate the highest common factor of y and 2.
2
Suppose 0 = 5*y + 4*p - 390, 14 + 1 = -3*p. Suppose 0 = -5*t - y + 257. Calculate the greatest common factor of t and 7.
7
Let d(n) = -124*n + 29. Let b be d(-1). What is the highest common factor of 51 and b?
51
Suppose -2*i + 975 = 3*i. Calculate the highest common factor of 39 and i.
39
Suppose -d + 61*a - 60*a + 140 = 0, -5*d + 740 = 5*a. Calculate the greatest common factor of 81 and d.
9
Let l = 67 + -53. Let b be (26/5)/(l/105). Calculate the highest common factor of 117 and b.
39
Suppose 3*q = 2*q - 13. Let c = -6 - q. Let n be (c/(-3))/(3/(-18)). Calculate the highest common factor of 42 and n.
14
Suppose -b = -5*t + 84, -4*t + 6*t - 5*b = 52. What is the greatest common factor of 16 and t?
16
Let a(w) be the third derivative of w**5/60 - w**4/24 + 5*w**3/6 - 2*w**2. Let f be a(-4). What is the highest common divisor of 200 and f?
25
Suppose 3*c = 2*c + 5*i - 19, 0 = -2*c + 4*i - 8. Suppose c = h - 4. What is the greatest common divisor of h and 10?
10
Suppose -1248 + 120 = -6*n. Calculate the greatest common divisor of 47 and n.
47
Let s(o) = -o**3 - 14*o**2 - 24*o + 12. Let j be s(-12). Let k be (186/j - 1)*22. Calculate the highest common factor of 29 and k.
29
Let o = 5 + -3. Suppose o = -5*p + 77. Let v(g) = 3*g - 1. Let b be v(p). What is the greatest common divisor of 66 and b?
22
Let t be 1 + (19 - 2) + -2. Suppose 2*a = -3*a - 25. Let y(b) = -3*b - 11. Let d be y(a). What is the greatest common factor of t and d?
4
Suppose -d - 4 = 2*a, -d + 16 = -2*d - 5*a. Suppose -5*g + d*g + 7 = 0. Let q be (18/g)/((-1)/(-7)). Calculate the greatest common factor of 144 and q.
18
Suppose -9 = -3*k, 0 = 4*q + k - 19. Let h be (33 - q*(-1)/1)*1. Calculate the greatest common divisor of h and 148.
37
Let z(b) = -105*b**3 + 2*b**2 + 2*b + 1. Let r be z(-1). Calculate the greatest common factor of r and 1643.
53
Suppose -5*s = -3*y - 6, 3*s + y = -2*s + 18. Suppose 4*p - 862 = -0*l - 2*l, -649 = -s*p + l. What is the highest common factor of 24 and p?
24
Let s be 5 - 0/(-1*2). Let i = -853 + 863. Calculate the highest common divisor of i and s.
5
Let c(z) = 2*z**2 + z + 7. Let b be c(-4). Let t be 2/9 - 992/(-72). Calculate the greatest common factor of b and t.
7
Let n = -988 + 1116. What is the greatest common divisor of n and 6?
2
Suppose -4*b + 5*f + 13 = 0, 6*f - 2*f = 4*b - 16. What is the highest common factor of 5 and b?
1
Suppose 3*c - 100 = -4*i, 3*i - 10 = 2. What is the greatest common factor of c and 224?
28
Let m(t) = 27 - 6 + 2*t - 2. Let j be m(-9). Calculate the greatest common factor of j and 1.
1
Let h(l) = 6*l + 4. Let i(j) = -j**2 + 11*j - 6. Let p be i(9). Suppose -3*r = -6*r + p. Let c be h(r). What is the greatest common divisor of 70 and c?
14
Suppose 4*a - 22 = -2*p, -3*a - 3*p + p + 17 = 0. Let q(u) = 2*u**2 + u - 8. Let j be q(2). Calculate the greatest common factor of a and j.
1
Suppose -2*n = 4*b - 70, 3*n + 0*n - 9 = 0. Let j = -12684 - -12686. What is the highest common factor of b and j?
2
Let p be (322/(-35))/(((-4)/10)/2). Suppose -11*a - p = -13*a. Calculate the greatest common divisor of a and 253.
23
Let t(w) = -12*w - 61. Let h be t(-6). What is the highest common divisor of h and 319?
11
Suppose 601 = 16*m - 279. Calculate the highest common divisor of m and 33.
11
Let o = -80 + 140. Suppose 140*h - 1800 = 50*h. What is the highest common divisor of o and h?
20
Suppose -4*f - 3*x + 5 = 0, -3*x = f - 0*x + 1. Suppose 8 = 5*p - 2*k - 59, f*k = -4*p + 68. What is the highest common divisor of 135 and p?
15
Let c(a) = a**3 + 9*a**2 + 10*a - 15. Let k be c(-6). What is the highest common divisor of 165 and k?
33
Suppose x - 2 + 5 = 0. Let b = x - -8. Calculate the greatest common factor of b and 5.
5
Let c(a) = 2*a**3 - 2*a**2 - 7*a + 3. Suppose -15*j + 2 = -43. Let b be c(j). Calculate the greatest common factor of b and 54.
18
Suppose 5*y - q - 33 = 35, -5*q = 5*y - 80. Suppose 5*p - y = -3*t + 35, -3*p + 39 = -3*t. Let o = p - 5. What is the highest common factor of 42 and o?
6
Let n be 8/(-2)*3/((-12)/26). What is the greatest common divisor of 598 and n?
26
Let o(j) = j**2 - 3*j + 5. Let v be o(7). What is the greatest common factor of 231 and v?
33
Let t be (-6)/(-9) + (-1628)/(-6). Suppose 10*q - t = 8*q. Calculate the greatest common divisor of q and 17.
17
Let y = -155 + 500. What is the highest common factor of y and 46?
23
Let o = 428 + -425. Calculate the greatest common factor of o and 33.
3
Let x(v) = 13*v - 38. Let r be x(8). Calculate the greatest common factor of 110 and r.
22
Let p(l) = 2*l**2 - 7*l + 266. Let z be p(0). Calculate the highest common factor of 57 and z.
19
Suppose 974 = 9*c - 1015. Calculate the greatest common divisor of 13 and c.
13
Suppose 34*t - 33*t - 8 = 0. Suppose 6*x = -t + 56. Let i(s) = s**3 + 7*s**2 - 2*s - 4. Let u be i(-5). What is the highest common divisor of u and x?
8
Suppose -2*m + g + 113 = 0, 77 + 34 = 2*m + g. What is the greatest common factor of 140 and m?
28
Suppose -4*u - 477 = -7*u. Suppose -2*n + u = -y, 4*y - 242 = -3*n + 2*y. Let q = -24 + 34. Calculate the greatest common divisor of n and q.
10
Suppose 2*s - o = 794, 5*s - 16*o + 13*o - 1986 = 0. What is the highest common divisor of 9 and s?
9
Let k be (2/(-6))/(6/(-54)). Suppose -3*x - k = -12. Suppose r + q - 9 = 11, x*r - 52 = q. Calculate the highest common factor of 18 and r.
18
Let t be 66/(-36)*-14*3. What is the greatest common divisor of 7 and t?
7
Let w be 1/6 - 436/24. Let h be (w/15)/(4/(-10)). Let j be 2*(h/6 + 0). What is the greatest common factor of j and 5?
1
Let m be (15/4)/(15/(-40)). Let n(t) = t + 15. Let k be n(m). Suppose 0 = -k*l, -l + 4*l + 4 = 2*j. Calculate the greatest common factor of j and 18.
2
Suppose 2*d = 10, -12*o + 7*o + d = -240. What is the highest common divisor of o and 14?
7
Let j(q) = -3*q - 8. Suppose -z = 10 - 6. Let b be j(z). Suppose -52 = -5*f - 4*p + 3*p, -b*f - p + 41 = 0. Calculate the greatest common divisor of 88 and f.
11
Let c(a) = 2*a**3 + 30*a**2 - 7*a - 45. Let h be c(-15). Calculate the highest common factor of 36 and h.
12
Let s be 4/10 - (-6990)/25. Suppose 13*v - s = 6*v. Calculate the highest common divisor of v and 5.
5
Let f(x) = x**2 - 15*x + 12. Let r be f(16). What is the greatest common factor of 98 and r?
14
Let v be (215/40)/((-2)/(-16)). Calculate the greatest common factor of 473 and v.
43
Let m be (24/(-10))/(-4) - (-13456)/290. Calculate the greatest common divisor of 2491 and m.
47
Let d(g) = 49*g - 4. Let b be d(2). Let s = b - 54. What is the greatest common factor of s and 10?
10
Let s be (-2 + -1)/(6/4). Let c be 22 + 6 + (-1 - 1)/s. What is the greatest common divisor of c and 203?
29
Let j = 4 + 7. Suppose -3*t + 5*m - m = -483, 0 = 4*t - 5*m - 643. Let d = t + -36. What is the highest common factor of d and j?
11
Let a(f) = -18*f - 23. Let h be a(-2). What is the greatest common divisor of 13 and h?
13
Let l be 17 + 4 - 6 - (-1 + -1). Suppose 5*y = 2*y + 255. What is the highest common divisor of l and y?
17
Let c = -5 - -6. Suppose 26*v - 5*n = 30*v - 43, 0 = 5*v - 3*n - 26. What is the greatest common divisor of c and v?
1
Let n = 7 - 15. Let x be 27/36 - 2/n. Calculate the highest common divisor of 7 and x.
1
Let d be (3 - (-20)/(-12))/(8/(-84)). Suppose 0*i + 2*i = -5*n - 63, -3*i + 5*n = 32. Let j = d - i. What is the highest common factor of j and 5?
5
Suppose 10*o - o = 180. Calculate the highest common factor of o